inder when c(-11) is divided by 48?
46
Let w be (39/(-13))/(1 - 1/4). Suppose -3*v - 15 = -3*r, -r - 5*v + 13 = -22. Calculate the remainder when ((-2)/w)/((-10)/(-360)) is divided by r.
8
Suppose 5*j = -i - 83 + 251, -3*i = -j - 536. Let g = 203 - i. Let v(d) = 2*d**3 - 4*d**2 - 2*d + 2. What is the remainder when g is divided by v(3)?
11
Let m(y) = -y**3 + 10*y**2 + 23*y - 222. Calculate the remainder when (-323)/(-5) + 6/15 is divided by m(6).
5
Suppose -9*d - 23*d + 754 = -142. What is the remainder when 1259 is divided by d?
27
Let r = 144208 - 85258. Calculate the remainder when r is divided by 167.
166
Suppose 2*u = -2*a - 2, -4*u + 14 = -a - 7. Suppose -5*o + 223 = -w - 67, u*o = 4*w + 232. Calculate the remainder when 226 is divided by o.
52
Let t(g) = 122*g - 30. Let k be t(-7). Let v = k + 1319. Calculate the remainder when 6/9*(v/(-2))/(-5) is divided by 15.
14
Suppose -88 = -h - 86. Suppose 5*i - 23 = -4*j, 5*i - h*i + 75 = 5*j. What is the remainder when 44 is divided by j?
8
Suppose b + 62 = 5*i + 9, -2*b = -4*i + 112. Let n = b + 211. Calculate the remainder when n is divided by 27.
18
Suppose 58 = 4*c - 913*r + 908*r, -3*c - 4*r + 28 = 0. Let q(k) = 281*k - 1. Let b be q(-1). What is the remainder when ((-1)/(-3))/((-2)/b) is divided by c?
11
Let q = -189 - -300. Suppose q = 6*t - 75. Suppose 7*p = 6*p + t. What is the remainder when 121 is divided by p?
28
Let x(y) = -21*y + 1348. What is the remainder when x(54) is divided by 14?
4
Suppose -5*z + 4*z + 23 = 0. Suppose -q - 12 = -z. Calculate the remainder when 95 is divided by q.
7
Suppose -40 = 26*q - 144. Let a(f) = f**2 + 3*f + 4. Calculate the remainder when ((-105)/(-20))/((-6)/(-64)*q) is divided by a(-4).
6
Suppose -v - 10 = m + 4*m, 5*v = -m + 70. Suppose -39 = -v*h + 66. Calculate the remainder when h is divided by (-5)/2*(-5 + 3).
2
Suppose 133*l + 33*l - 562242 = 0. Calculate the remainder when l is divided by 14.
13
Let g(i) = -6 - 15 - 5 - 9 + 14*i. Calculate the remainder when 111 is divided by g(4).
6
Suppose -106*m + 1944 = -78*m + 458*m. Calculate the remainder when (-12)/42 - (-576)/7 is divided by m.
2
Calculate the remainder when 232 - ((-2)/(-32) + 3/(-48)) is divided by 41.
27
Suppose 13140 + 17413 = 119*i - 5623. Calculate the remainder when i is divided by 22.
18
Calculate the remainder when 58/3*6 + -2 is divided by (5/((-20)/39))/((-28)/112).
36
Suppose -j - 2*t = 16, -3*j + t - 7 - 27 = 0. Suppose -23*g + 2790 = 927. Calculate the remainder when g is divided by (-260)/j - 4/6.
18
Let r = 4917 - 4909. Let b(g) = 5*g - 32. Calculate the remainder when b(25) is divided by r.
5
Calculate the remainder when 3271 is divided by -2040*(17 - (-1479)/(-85)).
7
Suppose -4*v + 4366 = 3*r, 4*v + 1795 = 2*r - 1069. Calculate the remainder when r is divided by 357.
18
What is the remainder when (209/22 - 10) + 8936/16 is divided by 189?
180
Let x = 16 + -13. Suppose x*r + 3*r = 114. Let y = 117 - 82. Calculate the remainder when y is divided by r.
16
Calculate the remainder when (7 - -858)*(-2)/(-5) - 4 is divided by 102.
36
Suppose 387*x - 20777 + 4136 = 0. What is the remainder when 3308 is divided by x?
40
Let d be 3/((-12)/5 + 3). Suppose 2*x + s = 45, d*x - 35 = 3*x + s. Calculate the remainder when 36 + (-3 - -3)/(-2) is divided by x.
16
Let q(v) = v**3 + 14*v**2 - 3*v - 30. Let z be q(-14). Calculate the remainder when 8/z*-3 + (-637)/(-7) is divided by 13.
11
Suppose 10*u - 11841 = -11811. Suppose 2*z + 4 = -0*z, 30 = 2*m - 3*z. Calculate the remainder when m is divided by u.
0
Let l(z) = -3*z**3 - 21*z**2 + 54. Suppose h = 8 - 3. Suppose 4*f - 49 = -h. What is the remainder when l(-7) is divided by f?
10
Suppose 8*t - 23 - 117 = 188. Calculate the remainder when 647 is divided by t.
32
Let z(w) = -12*w**3 - 2*w**2 - 44*w - 115. Calculate the remainder when z(-7) is divided by 39.
38
Suppose -537*g + 532444 = -516317. Calculate the remainder when g is divided by 52.
29
Let a(k) = 10*k - 68*k**2 + 66*k**2 - 3 + 3*k**3 - 8*k. What is the remainder when a(4) is divided by 48?
21
Let j(w) = 10*w - 53. Let d be j(7). Suppose 0 = -k - 4*l + 50, -2*k + 76 + d = l. Calculate the remainder when 162 is divided by k.
24
What is the remainder when ((-1254)/165 - -8)/(2 + (-12878)/6440) is divided by 17?
13
Suppose 0 = 13*u - 853 + 47. Suppose -86*l + u = -85*l. What is the remainder when 247 is divided by l?
61
What is the remainder when -2 - 31/((-434)/146132) is divided by 147?
146
Let k(r) = -4*r**2 - 6*r + 11 + 2 - 18 - r**3. Let g = -168 - -189. What is the remainder when g is divided by k(-3)?
1
Let g(a) = -237*a - 2349. Suppose 386 - 76 = 5*u. What is the remainder when u is divided by g(-10)?
20
Suppose 0 = 14*h - 17*h + 15. Suppose -h*q - 43 = 13*f - 17*f, 3*f + 4*q - 71 = 0. Calculate the remainder when 32 is divided by f.
15
Let n(c) = 3*c**2 + 6*c - 21. Let j = 233 + -239. What is the remainder when 93 is divided by n(j)?
42
Suppose -38*w = -34*w + 3*v - 3628, 5*v + 2750 = 3*w. What is the remainder when w is divided by 16?
14
Let r(i) = -9*i - 13. Let x = 78 + -81. Calculate the remainder when 33 is divided by r(x).
5
Suppose 0 = 8*c - 3*c - 3*y + 2, -4 = -y. Suppose -3 = -0*n + n, -c*n + 75 = 3*l. Calculate the remainder when 52 is divided by l.
25
What is the remainder when 534 is divided by (-342)/4*(-249 - -247)?
21
Let z(i) = -139*i + 16429. What is the remainder when z(103) is divided by 88?
0
Let i = 344 + -340. Suppose i*o + 5098 + 458 = 4*y, -3*y = 5*o - 4175. What is the remainder when y is divided by 29?
27
Let h be -2*6/54 - 13832/(-36). Suppose -2*b = -5*f + h, -3*b = f + 2*b - 93. Calculate the remainder when f is divided by 36.
6
Let k be (-2)/(-7) + 340/35. Let d(q) = 3*q - 215 - 9*q + 409 - 219 + q**2. Calculate the remainder when 29 is divided by d(k).
14
Suppose 347*y - 147*y - 24200 = 0. Calculate the remainder when 3145 is divided by y.
120
Suppose 5*w = -41*n + 42*n - 79, 0 = -n + 4*w + 76. What is the remainder when (-4)/(7 - (-653)/(-93)) is divided by n?
58
Suppose 0 = 18*k - 616 - 4730. Calculate the remainder when k is divided by 43.
39
Suppose 2 = -3*o + 4*o. Suppose o*l - 28 = -8. Let x(y) = -y**3 + 4*y**2 + 3*y + 15. Calculate the remainder when l is divided by x(5).
0
Let j(k) be the second derivative of -k**5/5 - 7*k**4/12 - k**3/2 + 17*k**2/2 - 99*k - 2. What is the remainder when j(-4) is divided by 10?
3
Suppose -5*d + 458 = -2*k - 492, -k - 950 = -5*d. Let z = 251 - d. What is the remainder when 177 is divided by z?
55
Suppose -20*j + 2090 = 290. Calculate the remainder when j is divided by 142/6 + (-2)/3.
21
Suppose 0 = 4*z - d - 48 - 35, 0 = -5*z - d + 115. Calculate the remainder when (-409)/(-3) - z/(-33) is divided by 14.
11
Suppose -1595 = -18*y + 7*y. What is the remainder when y is divided by 45?
10
Let o = 26966 - 26955. Suppose -4*b + 25 = -3*f, -3*f + 2*f = -b + 8. What is the remainder when (-275)/f + (-2)/7 is divided by o?
6
Suppose 9*c = 5*c + 316. Let y = 126 - c. What is the remainder when y is divided by 21?
5
Let q(o) = -o**3 - 6*o**2 + 63*o - 10. What is the remainder when 56 is divided by q(5)?
26
Let q be (-20)/30*(-11 - -2). Let g = q + -36. What is the remainder when 88 is divided by (-6)/(-10) + (-252)/g?
7
Let t = -173 + 176. Suppose 4*q + 4*u = 328, -5*q + 2*u + 360 = -t*u. What is the remainder when q is divided by -4 + (-1)/((-1)/30)?
25
Let p(m) = -169*m**2 + 2*m + 2. Let h be p(-1). Let i = 348 + h. Calculate the remainder when i is divided by 46.
41
Let t(b) be the second derivative of b**4/2 + b**3/3 + b. Let v(n) = 127*n + 392. What is the remainder when t(2) is divided by v(-3)?
6
Let v(l) = -40*l + 2561. Calculate the remainder when v(60) is divided by (-867)/(-21) - (-6)/(-21).
38
What is the remainder when 4389 is divided by (13 + 520 + 15)*(-2 - 12/(-4))?
5
Suppose -5*w = -80 + 10. Suppose 5*i + 80 = 5*f, -2*i - 16 = -6. Calculate the remainder when (f - -25)/((-3)/(-2)) is divided by w.
10
Suppose -3*a - 55 = -67. Suppose a*t - 50 = -3*q, 2*q + 5*t + 4 - 49 = 0. Calculate the remainder when 74 is divided by q.
4
Suppose -5*h - 7*i - 4537 = -3*i, -5*h - 4541 = 2*i. Let d = -809 - h. What is the remainder when 204 is divided by d?
4
Let t(c) = 2*c**2 - 3*c - 3. Let d be t(-1).